divided by 35?
32
What is the remainder when 24664 is divided by 4924?
44
What is the remainder when 354728 is divided by 14?
10
What is the remainder when 73855 is divided by 5?
0
What is the remainder when 18417 is divided by 233?
10
What is the remainder when 886134 is divided by 34?
26
Calculate the remainder when 99359 is divided by 276.
275
What is the remainder when 133796 is divided by 218?
162
Calculate the remainder when 1012308 is divided by 338.
336
What is the remainder when 745858 is divided by 3?
1
What is the remainder when 389 is divided by 102?
83
Calculate the remainder when 31508 is divided by 272.
228
Calculate the remainder when 48219 is divided by 102.
75
Calculate the remainder when 36264 is divided by 3296.
8
Calculate the remainder when 48353 is divided by 90.
23
What is the remainder when 3216 is divided by 3212?
4
Calculate the remainder when 1635 is divided by 26.
23
Calculate the remainder when 262632 is divided by 65650.
32
Calculate the remainder when 762 is divided by 41.
24
What is the remainder when 7545 is divided by 1629?
1029
What is the remainder when 8396 is divided by 174?
44
What is the remainder when 20640 is divided by 159?
129
What is the remainder when 14895 is divided by 784?
783
What is the remainder when 63486 is divided by 9?
0
What is the remainder when 90985 is divided by 500?
485
Calculate the remainder when 21033 is divided by 5249.
37
Calculate the remainder when 2287 is divided by 148.
67
What is the remainder when 5095 is divided by 1675?
70
What is the remainder when 65 is divided by 29?
7
What is the remainder when 15849 is divided by 7846?
157
Calculate the remainder when 60340 is divided by 3769.
36
Calculate the remainder when 28223 is divided by 196.
195
What is the remainder when 17156 is divided by 237?
92
Calculate the remainder when 412 is divided by 118.
58
Calculate the remainder when 75676 is divided by 44.
40
What is the remainder when 31281 is divided by 2842?
19
Calculate the remainder when 54750 is divided by 262.
254
Calculate the remainder when 8847 is divided by 1759.
52
Calculate the remainder when 92411 is divided by 3439.
2997
What is the remainder when 138595 is divided by 525?
520
What is the remainder when 32784 is divided by 28?
24
What is the remainder when 901 is divided by 61?
47
Calculate the remainder when 13388 is divided by 1912.
4
Calculate the remainder when 500134 is divided by 113.
109
Calculate the remainder when 2192847 is divided by 6.
3
What is the remainder when 2081458 is divided by 1535?
1533
Calculate the remainder when 10509 is divided by 12.
9
What is the remainder when 7398 is divided by 2414?
156
Calculate the remainder when 902144 is divided by 335.
324
Calculate the remainder when 26507 is divided by 480.
107
Calculate the remainder when 15099 is divided by 263.
108
Calculate the remainder when 38188 is divided by 211.
208
Calculate the remainder when 16161 is divided by 15985.
176
Calculate the remainder when 178640 is divided by 358.
356
Calculate the remainder when 3306 is divided by 395.
146
Calculate the remainder when 14676 is divided by 3594.
300
What is the remainder when 604403 is divided by 25?
3
What is the remainder when 2469 is divided by 101?
45
What is the remainder when 4013179 is divided by 190?
189
What is the remainder when 1005 is divided by 142?
11
Calculate the remainder when 80422 is divided by 874.
14
Calculate the remainder when 1212 is divided by 738.
474
Calculate the remainder when 574175 is divided by 6755.
0
What is the remainder when 112134 is divided by 38?
34
Calculate the remainder when 789 is divided by 263.
0
Calculate the remainder when 9752 is divided by 681.
218
What is the remainder when 7244 is divided by 49?
41
What is the remainder when 45375 is divided by 15117?
24
Calculate the remainder when 3009 is divided by 86.
85
Calculate the remainder when 5132 is divided by 733.
1
What is the remainder when 6144 is divided by 58?
54
What is the remainder when 481 is divided by 186?
109
What is the remainder when 92199 is divided by 25?
24
What is the remainder when 93370 is divided by 251?
249
Calculate the remainder when 328130 is divided by 34.
30
What is the remainder when 14506 is divided by 575?
131
What is the remainder when 307409 is divided by 123?
32
Calculate the remainder when 440783 is divided by 421.
417
Calculate the remainder when 311 is divided by 30.
11
What is the remainder when 45862 is divided by 71?
67
Calculate the remainder when 1871 is divided by 109.
18
What is the remainder when 4267 is divided by 1375?
142
Calculate the remainder when 3334 is divided by 1651.
32
Calculate the remainder when 73668 is divided by 10487.
259
Calculate the remainder when 413987 is divided by 471.
449
Calculate the remainder when 811 is divided by 325.
161
Calculate the remainder when 117484 is divided by 1959.
1903
What is the remainder when 226975 is divided by 1201?
1187
What is the remainder when 252600 is divided by 32?
24
Calculate the remainder when 31647 is divided by 15778.
91
What is the remainder when 27640 is divided by 27635?
5
Calculate the remainder when 1856 is divided by 926.
4
Calculate the remainder when 78565 is divided by 15.
10
Calculate the remainder when 18204 is divided by 314.
306
What is the remainder when 13472 is divided by 6718?
36
What is the remainder when 1953 is divided by 147?
42
Calculate the remainder when 5808 is divided by 963.
30
What is the remainder when 1023153 is divided by 291?
288
What is the remainder when 272 is divided by 13?
12
Calculate the remainder when 12583 is divided by 1302.
865
Calculate the remainder when 7270 is divided by 27.
7
What is the remainder when 111224 is divided by 13?
9
Calculate the remainder when 10086 is divided by 10018.
68
What is the remainder when 13326 is divided by 28?
26
Calculate the remainder when 377504 is divided by 15.
14
Calculate the remainder when 4439 is divided by 501.
431
Calculate the remainder when 4097 is divided by 292.
9
What is the remainder when 235772 is divided by 768?
764
Calculate the remainder when 10995 is divided by 54.
33
What is the remainder when 582866 is divided by 46?
0
What is the remainder when 76284 is divided by 38128?
28
Calculate the remainder when 42114 is divided by 243.
75
What is the remainder when 6795 is divided by 67?
28
What is the remainder when 17657 is divided by 23?
16
What is the remainder when 43270 is divided by 577?
572
Calculate the remainder when 19559 is divided by 55.
34
What is the remainder when 115503 is divided by 54?
51
What is the remainder when 165128 is divided by 19?
18
Calculate the remainder when 2042 is divided by 1030.
1012
What is the remainder when 2448 is divided by 54?
18
What is the remainder when 105076 is divided by 106?
30
What is the remainder when 9598 is divided by 2296?
414
What is the remainder when 1904985 is divided by 1237?
5
Calculate the remainder when 2140 is divided by 163.
21
What is the remainder when 103209 is divided by 10313?
79
What is the remainder when 3686 is divided by 383?
239
Calculate the remainder when 6944 is divided by 3457.
30
Calculate the remainder when 9659449 is divided by 51.
49
What is the remainder when 37596 is divided by 37590?
6
Calculate the remainder when 4743 is divided by 1027.
635
What is the remainder when 447 is divided by 217?
13
Calculate the remainder when 2803 is divided by 277.
33
What is the remainder when 2935355 is divided by 34?
33
Calculate the remainder when 128647 is divided by 35.
22
Calculate the remainder when 9211 is divided by 296.
35
What is the remainder when 399500 is divided by 1722?
1718
What is the remainder when 185130 is divided by 47?
44
What is the remainder when 339751 is divided by 65?
61
What is the remainder when 245275 is divided by 1245?
10
Calculate the remainder when 76862 is divided by 112.
30
What is the remainder when 20527 is divided by 585?
52
What is the remainder when 88725 is divided by 290?
275
Calculate the remainder when 11701 is divided by 68.
5
What is the remainder when 53082 is divided by 2?
0
Calculate the remainder when 635245 is divided by 211739.
28
What is the remainder when 1677 is divided by 831?
15
What is the remainder when 533993 i